{"id":7,"date":"2016-10-08T11:44:48","date_gmt":"2016-10-08T09:44:48","guid":{"rendered":"http:\/\/www.martin-langer-psychologe.de\/wpress3\/?page_id=7"},"modified":"2020-11-23T14:50:07","modified_gmt":"2020-11-23T13:50:07","slug":"start","status":"publish","type":"page","link":"https:\/\/htw.martin-langer-psychologe.de\/","title":{"rendered":"Start"},"content":{"rendered":"<p><span style=\"color: #0000ff; font-size: 20px;\">Mitarbeiterorientierte Unternehmensf\u00fchrung<\/span><br \/>\n<span style=\"font-size: 16px;\">Lehrveranstaltung der htw saar<\/span><\/p>\n<p><span style=\"font-size: 16px;\">Die Veranstaltung Personalf\u00fchrung ist Teilgebiet (Baustein 3) des Fachs \u201eMitarbeiterorientierte Unternehmensf\u00fchrung \u2013 Vom Ingenieur zum Unternehmer\u201c<\/span><\/p>\n<h5><span style=\"font-size: 16px;\">Termine Lehrveranstaltung<br \/>\n<\/span><\/h5>\n<p><span style=\"font-size: 16px;\"><em>Aufgrund von \u00c4nderungen im Studienplan findet die Veranstaltung im Wintersemester nicht mehr statt<\/em><br \/>\n<\/span><\/p>\n<p><span style=\"font-size: 16px; color: #800080;\"><em>Die Lehrveranstaltung Personalf\u00fchrung wird voraussichtlich wieder in 4 Teilgruppen (und TRIOs) durchgef\u00fchrt. <\/em><em>Einzelheiten zu den Zeiten und der Gruppeneinteilung siehe Hinweise im Studienplan.<\/em><\/span><\/p>\n<p><span style=\"font-size: 16px;\">Die Veranstaltung ist bisher (s. nachfolgende Seiten) durch einen hohen \u00dcbungsumfang gekennzeichnet. Welche Anpassungen und Ver\u00e4nderungen im Wintersemester erfolgen, ist noch nicht abschlie\u00dfend bestimmt. Es gilt der jeweils aktuelle Pandemieplan der HTW.<br \/>\n<\/span><\/p>\n<p><span style=\"font-size: 16px;\">\u00dcber Fragen und Anregungen freue ich mich.<\/span><\/p>\n<p>&nbsp;<\/p>\n<p>&nbsp;<\/p>\n<p><span style=\"font-size: 16px;\">Weitere <span style=\"color: #0000ff;\">Informationen zur Veranstaltung<\/span> (Ziele, Inhalte, Vorgehen, Aufgaben) und Hinweise zur Gruppenarbeit finden Sie auf den <a href=\"https:\/\/htw.martin-langer-psychologe.de\/index.php\/lehrveranstaltung-ws-2019-20\/\" target=\"_blank\" rel=\"noopener noreferrer\">nachfolgenden Seiten<\/a>.<\/span><\/p>\n<p>&nbsp;<\/p>\n<p>&nbsp;<\/p>\n","protected":false},"excerpt":{"rendered":"<p>Mitarbeiterorientierte Unternehmensf\u00fchrung Lehrveranstaltung der htw saar Die Veranstaltung Personalf\u00fchrung ist Teilgebiet (Baustein 3) des Fachs \u201eMitarbeiterorientierte Unternehmensf\u00fchrung \u2013 Vom Ingenieur zum Unternehmer\u201c Termine Lehrveranstaltung Aufgrund von \u00c4nderungen im Studienplan findet die Veranstaltung im Wintersemester nicht mehr statt Die Lehrveranstaltung Personalf\u00fchrung wird voraussichtlich wieder in 4 Teilgruppen (und TRIOs) durchgef\u00fchrt. Einzelheiten zu den Zeiten und der &hellip; <\/p>\n<p class=\"link-more\"><a href=\"https:\/\/htw.martin-langer-psychologe.de\/\" class=\"more-link\"><span class=\"screen-reader-text\">\u201eStart\u201c <\/span>weiterlesen<\/a><\/p>\n","protected":false},"author":1,"featured_media":0,"parent":0,"menu_order":1,"comment_status":"closed","ping_status":"closed","template":"","meta":{"footnotes":""},"class_list":["post-7","page","type-page","status-publish","hentry"],"_links":{"self":[{"href":"https:\/\/htw.martin-langer-psychologe.de\/index.php\/wp-json\/wp\/v2\/pages\/7","targetHints":{"allow":["GET"]}}],"collection":[{"href":"https:\/\/htw.martin-langer-psychologe.de\/index.php\/wp-json\/wp\/v2\/pages"}],"about":[{"href":"https:\/\/htw.martin-langer-psychologe.de\/index.php\/wp-json\/wp\/v2\/types\/page"}],"author":[{"embeddable":true,"href":"https:\/\/htw.martin-langer-psychologe.de\/index.php\/wp-json\/wp\/v2\/users\/1"}],"replies":[{"embeddable":true,"href":"https:\/\/htw.martin-langer-psychologe.de\/index.php\/wp-json\/wp\/v2\/comments?post=7"}],"version-history":[{"count":51,"href":"https:\/\/htw.martin-langer-psychologe.de\/index.php\/wp-json\/wp\/v2\/pages\/7\/revisions"}],"predecessor-version":[{"id":3446,"href":"https:\/\/htw.martin-langer-psychologe.de\/index.php\/wp-json\/wp\/v2\/pages\/7\/revisions\/3446"}],"wp:attachment":[{"href":"https:\/\/htw.martin-langer-psychologe.de\/index.php\/wp-json\/wp\/v2\/media?parent=7"}],"curies":[{"name":"wp","href":"https:\/\/api.w.org\/{rel}","templated":true}]}}

<p><span style="color: #0000ff; font-size: 20px;">Mitarbeiterorientierte Unternehmensführung</span><br />
<span style="font-size: 16px;">Lehrveranstaltung der htw saar</span></p>
<p><span style="font-size: 16px;">Die Veranstaltung Personalführung ist Teilgebiet (Baustein 3) des Fachs „Mitarbeiterorientierte Unternehmensführung – Vom Ingenieur zum Unternehmer“</span></p>
<h5><span style="font-size: 16px;">Termine Lehrveranstaltung<br />
</span></h5>
<p><span style="font-size: 16px;"><em>Aufgrund von Änderungen im Studienplan findet die Veranstaltung im Wintersemester nicht mehr statt</em><br />
</span></p>
<p><span style="font-size: 16px; color: #800080;"><em>Die Lehrveranstaltung Personalführung wird voraussichtlich wieder in 4 Teilgruppen (und TRIOs) durchgeführt. </em><em>Einzelheiten zu den Zeiten und der Gruppeneinteilung siehe Hinweise im Studienplan.</em></span></p>
<p><span style="font-size: 16px;">Die Veranstaltung ist bisher (s. nachfolgende Seiten) durch einen hohen Übungsumfang gekennzeichnet. Welche Anpassungen und Veränderungen im Wintersemester erfolgen, ist noch nicht abschließend bestimmt. Es gilt der jeweils aktuelle Pandemieplan der HTW.<br />
</span></p>
<p><span style="font-size: 16px;">Über Fragen und Anregungen freue ich mich.</span></p>
<p>&nbsp;</p>
<p>&nbsp;</p>
<p><span style="font-size: 16px;">Weitere <span style="color: #0000ff;">Informationen zur Veranstaltung</span> (Ziele, Inhalte, Vorgehen, Aufgaben) und Hinweise zur Gruppenarbeit finden Sie auf den <a href="https://htw.martin-langer-psychologe.de/index.php/lehrveranstaltung-ws-2019-20/" target="_blank" rel="noopener noreferrer">nachfolgenden Seiten</a>.</span></p>
<p>&nbsp;</p>
<p>&nbsp;</p>

<p>Mitarbeiterorientierte Unternehmensführung Lehrveranstaltung der htw saar Die Veranstaltung Personalführung ist Teilgebiet (Baustein 3) des Fachs „Mitarbeiterorientierte Unternehmensführung – Vom Ingenieur zum Unternehmer“ Termine Lehrveranstaltung Aufgrund von Änderungen im Studienplan findet die Veranstaltung im Wintersemester nicht mehr statt Die Lehrveranstaltung Personalführung wird voraussichtlich wieder in 4 Teilgruppen (und TRIOs) durchgeführt. Einzelheiten zu den Zeiten und der &hellip; </p>
<p class="link-more"><a href="https://htw.martin-langer-psychologe.de/" class="more-link"><span class="screen-reader-text">„Start“ </span>weiterlesen</a></p>
